{"id":122,"date":"2016-08-16T12:56:18","date_gmt":"2016-08-16T12:56:18","guid":{"rendered":"http:\/\/ld-wp.template-help.com\/wordpress_61162-sample\/?page_id=122"},"modified":"2024-10-08T15:10:50","modified_gmt":"2024-10-08T15:10:50","slug":"biography","status":"publish","type":"page","link":"https:\/\/lomarart.com\/index.php\/biography\/","title":{"rendered":"\u017divotopis"},"content":{"rendered":"\n<figure class=\"wp-block-image size-medium\"><img loading=\"lazy\" decoding=\"async\" width=\"254\" height=\"300\" src=\"https:\/\/lomarart.com\/wp-content\/uploads\/2023\/10\/WhatsApp-Image-2023-10-22-at-19.16.19-254x300.jpeg\" alt=\"\" class=\"wp-image-889\" srcset=\"https:\/\/lomarart.com\/wp-content\/uploads\/2023\/10\/WhatsApp-Image-2023-10-22-at-19.16.19-254x300.jpeg 254w, https:\/\/lomarart.com\/wp-content\/uploads\/2023\/10\/WhatsApp-Image-2023-10-22-at-19.16.19.jpeg 580w\" sizes=\"auto, (max-width: 254px) 100vw, 254px\" \/><\/figure>\n\n\n\n<p>Marija An\u0111eli\u0107, iz Zagreba diplomirala je slikarstvo na College of Visual arts, u Ljubljani<br>u klasi profesora Mladena Jernejeca.<br>Osobitu sklonost osje\u0107a prema stilskim odrednicama metafizi\u010dkog slikarstva, nadrealisti\u010dkog i slikarstva magi\u010dnog realizma.<br>Oslanja se na konkretne predmetne motive koji njezinim slobodnijim likovnim pristupom nadilaze puku predmetnu stvarnost. Slikarski motivi progovaraju o njenim<br>unutarnjim stanjima,poetskim preokupacijama, \u017eivotnom procesu. \u010clanica HDLU. U slobodno<br>vrijeme bavi se kiparstvom. \u017divi i radi u Zagrebu.<\/p>\n\n\n\n<h3 class=\"wp-block-heading\">&nbsp;<\/h3>\n","protected":false},"excerpt":{"rendered":"<p>Marija An\u0111eli\u0107, iz Zagreba diplomirala je slikarstvo na College of Visual arts, u Ljubljaniu klasi profesora Mladena Jernejeca.Osobitu sklonost osje\u0107a prema stilskim odrednicama metafizi\u010dkog slikarstva, nadrealisti\u010dkog i slikarstva magi\u010dnog realizma.Oslanja se na konkretne predmetne motive koji njezinim slobodnijim likovnim pristupom nadilaze puku predmetnu stvarnost. Slikarski motivi progovaraju o njenimunutarnjim stanjima,poetskim preokupacijama, \u017eivotnom procesu. \u010clanica HDLU. U slobodnovrijeme bavi se kiparstvom. \u017divi i radi u Zagrebu. &nbsp;<\/p>\n","protected":false},"author":1,"featured_media":0,"parent":0,"menu_order":0,"comment_status":"closed","ping_status":"closed","template":"","meta":{"footnotes":""},"class_list":["post-122","page","type-page","status-publish","hentry"],"yoast_head":"<!-- This site is optimized with the Yoast SEO plugin v23.6 - https:\/\/yoast.com\/wordpress\/plugins\/seo\/ -->\n<title>\u017divotopis - LoMarArt<\/title>\n<meta name=\"description\" content=\"Marija An\u0111eli\u0107, iz Zagreba diplomirala je slikarstvo na College of Visual arts, u Ljubljaniu klasi profesora Mladena Jernejeca.Osobitu sklonost osje\u0107a prema stilskim odrednicama metafizi\u010dkog slikarstva, nadrealisti\u010dkog i slikarstva magi\u010dnog realizma.Oslanja se na konkretne predmetne motive koji njezinim slobodnijim likovnim pristupom nadilaze puku predmetnu stvarnost. Slikarski motivi progovaraju o njenimunutarnjim stanjima,poetskim preokupacijama, \u017eivotnom procesu. \u010clanica HDLU. U slobodnovrijeme bavi se kiparstvom. \u017divi i radi u Zagrebu.\" \/>\n<meta name=\"robots\" content=\"index, follow, max-snippet:-1, max-image-preview:large, max-video-preview:-1\" \/>\n<link rel=\"canonical\" href=\"https:\/\/lomarart.com\/index.php\/biography\/\" \/>\n<meta property=\"og:locale\" content=\"en_US\" \/>\n<meta property=\"og:type\" content=\"article\" \/>\n<meta property=\"og:title\" content=\"\u017divotopis - LoMarArt\" \/>\n<meta property=\"og:description\" content=\"Marija An\u0111eli\u0107, iz Zagreba diplomirala je slikarstvo na College of Visual arts, u Ljubljaniu klasi profesora Mladena Jernejeca.Osobitu sklonost osje\u0107a prema stilskim odrednicama metafizi\u010dkog slikarstva, nadrealisti\u010dkog i slikarstva magi\u010dnog realizma.Oslanja se na konkretne predmetne motive koji njezinim slobodnijim likovnim pristupom nadilaze puku predmetnu stvarnost. Slikarski motivi progovaraju o njenimunutarnjim stanjima,poetskim preokupacijama, \u017eivotnom procesu. \u010clanica HDLU. U slobodnovrijeme bavi se kiparstvom. \u017divi i radi u Zagrebu.\" \/>\n<meta property=\"og:url\" content=\"https:\/\/lomarart.com\/index.php\/biography\/\" \/>\n<meta property=\"og:site_name\" content=\"LoMarArt\" \/>\n<meta property=\"article:modified_time\" content=\"2024-10-08T15:10:50+00:00\" \/>\n<meta property=\"og:image\" content=\"https:\/\/lomarart.com\/wp-content\/uploads\/2023\/10\/WhatsApp-Image-2023-10-22-at-19.16.19-254x300.jpeg\" \/>\n<meta name=\"twitter:card\" content=\"summary_large_image\" \/>\n<meta name=\"twitter:label1\" content=\"Est. reading time\" \/>\n\t<meta name=\"twitter:data1\" content=\"1 minute\" \/>\n<script type=\"application\/ld+json\" class=\"yoast-schema-graph\">{\"@context\":\"https:\/\/schema.org\",\"@graph\":[{\"@type\":\"WebPage\",\"@id\":\"https:\/\/lomarart.com\/index.php\/biography\/\",\"url\":\"https:\/\/lomarart.com\/index.php\/biography\/\",\"name\":\"\u017divotopis - LoMarArt\",\"isPartOf\":{\"@id\":\"https:\/\/lomarart.com\/#website\"},\"primaryImageOfPage\":{\"@id\":\"https:\/\/lomarart.com\/index.php\/biography\/#primaryimage\"},\"image\":{\"@id\":\"https:\/\/lomarart.com\/index.php\/biography\/#primaryimage\"},\"thumbnailUrl\":\"https:\/\/lomarart.com\/wp-content\/uploads\/2023\/10\/WhatsApp-Image-2023-10-22-at-19.16.19-254x300.jpeg\",\"datePublished\":\"2016-08-16T12:56:18+00:00\",\"dateModified\":\"2024-10-08T15:10:50+00:00\",\"description\":\"Marija An\u0111eli\u0107, iz Zagreba diplomirala je slikarstvo na College of Visual arts, u Ljubljaniu klasi profesora Mladena Jernejeca.Osobitu sklonost osje\u0107a prema stilskim odrednicama metafizi\u010dkog slikarstva, nadrealisti\u010dkog i slikarstva magi\u010dnog realizma.Oslanja se na konkretne predmetne motive koji njezinim slobodnijim likovnim pristupom nadilaze puku predmetnu stvarnost. Slikarski motivi progovaraju o njenimunutarnjim stanjima,poetskim preokupacijama, \u017eivotnom procesu. \u010clanica HDLU. U slobodnovrijeme bavi se kiparstvom. \u017divi i radi u Zagrebu.\",\"breadcrumb\":{\"@id\":\"https:\/\/lomarart.com\/index.php\/biography\/#breadcrumb\"},\"inLanguage\":\"en-US\",\"potentialAction\":[{\"@type\":\"ReadAction\",\"target\":[\"https:\/\/lomarart.com\/index.php\/biography\/\"]}]},{\"@type\":\"ImageObject\",\"inLanguage\":\"en-US\",\"@id\":\"https:\/\/lomarart.com\/index.php\/biography\/#primaryimage\",\"url\":\"https:\/\/lomarart.com\/wp-content\/uploads\/2023\/10\/WhatsApp-Image-2023-10-22-at-19.16.19.jpeg\",\"contentUrl\":\"https:\/\/lomarart.com\/wp-content\/uploads\/2023\/10\/WhatsApp-Image-2023-10-22-at-19.16.19.jpeg\",\"width\":580,\"height\":685},{\"@type\":\"BreadcrumbList\",\"@id\":\"https:\/\/lomarart.com\/index.php\/biography\/#breadcrumb\",\"itemListElement\":[{\"@type\":\"ListItem\",\"position\":1,\"name\":\"Home\",\"item\":\"https:\/\/lomarart.com\/\"},{\"@type\":\"ListItem\",\"position\":2,\"name\":\"\u017divotopis\"}]},{\"@type\":\"WebSite\",\"@id\":\"https:\/\/lomarart.com\/#website\",\"url\":\"https:\/\/lomarart.com\/\",\"name\":\"LoMarArt\",\"description\":\"\",\"publisher\":{\"@id\":\"https:\/\/lomarart.com\/#organization\"},\"potentialAction\":[{\"@type\":\"SearchAction\",\"target\":{\"@type\":\"EntryPoint\",\"urlTemplate\":\"https:\/\/lomarart.com\/?s={search_term_string}\"},\"query-input\":{\"@type\":\"PropertyValueSpecification\",\"valueRequired\":true,\"valueName\":\"search_term_string\"}}],\"inLanguage\":\"en-US\"},{\"@type\":\"Organization\",\"@id\":\"https:\/\/lomarart.com\/#organization\",\"name\":\"LoMarArt\",\"url\":\"https:\/\/lomarart.com\/\",\"logo\":{\"@type\":\"ImageObject\",\"inLanguage\":\"en-US\",\"@id\":\"https:\/\/lomarart.com\/#\/schema\/logo\/image\/\",\"url\":\"https:\/\/lomarart.com\/wp-content\/uploads\/2022\/11\/cropped-istockphoto-1241905887-170667a.jpg\",\"contentUrl\":\"https:\/\/lomarart.com\/wp-content\/uploads\/2022\/11\/cropped-istockphoto-1241905887-170667a.jpg\",\"width\":512,\"height\":512,\"caption\":\"LoMarArt\"},\"image\":{\"@id\":\"https:\/\/lomarart.com\/#\/schema\/logo\/image\/\"}}]}<\/script>\n<!-- \/ Yoast SEO plugin. -->","yoast_head_json":{"title":"\u017divotopis - LoMarArt","description":"Marija An\u0111eli\u0107, iz Zagreba diplomirala je slikarstvo na College of Visual arts, u Ljubljaniu klasi profesora Mladena Jernejeca.Osobitu sklonost osje\u0107a prema stilskim odrednicama metafizi\u010dkog slikarstva, nadrealisti\u010dkog i slikarstva magi\u010dnog realizma.Oslanja se na konkretne predmetne motive koji njezinim slobodnijim likovnim pristupom nadilaze puku predmetnu stvarnost. Slikarski motivi progovaraju o njenimunutarnjim stanjima,poetskim preokupacijama, \u017eivotnom procesu. \u010clanica HDLU. U slobodnovrijeme bavi se kiparstvom. \u017divi i radi u Zagrebu.","robots":{"index":"index","follow":"follow","max-snippet":"max-snippet:-1","max-image-preview":"max-image-preview:large","max-video-preview":"max-video-preview:-1"},"canonical":"https:\/\/lomarart.com\/index.php\/biography\/","og_locale":"en_US","og_type":"article","og_title":"\u017divotopis - LoMarArt","og_description":"Marija An\u0111eli\u0107, iz Zagreba diplomirala je slikarstvo na College of Visual arts, u Ljubljaniu klasi profesora Mladena Jernejeca.Osobitu sklonost osje\u0107a prema stilskim odrednicama metafizi\u010dkog slikarstva, nadrealisti\u010dkog i slikarstva magi\u010dnog realizma.Oslanja se na konkretne predmetne motive koji njezinim slobodnijim likovnim pristupom nadilaze puku predmetnu stvarnost. Slikarski motivi progovaraju o njenimunutarnjim stanjima,poetskim preokupacijama, \u017eivotnom procesu. \u010clanica HDLU. U slobodnovrijeme bavi se kiparstvom. \u017divi i radi u Zagrebu.","og_url":"https:\/\/lomarart.com\/index.php\/biography\/","og_site_name":"LoMarArt","article_modified_time":"2024-10-08T15:10:50+00:00","og_image":[{"url":"https:\/\/lomarart.com\/wp-content\/uploads\/2023\/10\/WhatsApp-Image-2023-10-22-at-19.16.19-254x300.jpeg"}],"twitter_card":"summary_large_image","twitter_misc":{"Est. reading time":"1 minute"},"schema":{"@context":"https:\/\/schema.org","@graph":[{"@type":"WebPage","@id":"https:\/\/lomarart.com\/index.php\/biography\/","url":"https:\/\/lomarart.com\/index.php\/biography\/","name":"\u017divotopis - LoMarArt","isPartOf":{"@id":"https:\/\/lomarart.com\/#website"},"primaryImageOfPage":{"@id":"https:\/\/lomarart.com\/index.php\/biography\/#primaryimage"},"image":{"@id":"https:\/\/lomarart.com\/index.php\/biography\/#primaryimage"},"thumbnailUrl":"https:\/\/lomarart.com\/wp-content\/uploads\/2023\/10\/WhatsApp-Image-2023-10-22-at-19.16.19-254x300.jpeg","datePublished":"2016-08-16T12:56:18+00:00","dateModified":"2024-10-08T15:10:50+00:00","description":"Marija An\u0111eli\u0107, iz Zagreba diplomirala je slikarstvo na College of Visual arts, u Ljubljaniu klasi profesora Mladena Jernejeca.Osobitu sklonost osje\u0107a prema stilskim odrednicama metafizi\u010dkog slikarstva, nadrealisti\u010dkog i slikarstva magi\u010dnog realizma.Oslanja se na konkretne predmetne motive koji njezinim slobodnijim likovnim pristupom nadilaze puku predmetnu stvarnost. Slikarski motivi progovaraju o njenimunutarnjim stanjima,poetskim preokupacijama, \u017eivotnom procesu. \u010clanica HDLU. U slobodnovrijeme bavi se kiparstvom. \u017divi i radi u Zagrebu.","breadcrumb":{"@id":"https:\/\/lomarart.com\/index.php\/biography\/#breadcrumb"},"inLanguage":"en-US","potentialAction":[{"@type":"ReadAction","target":["https:\/\/lomarart.com\/index.php\/biography\/"]}]},{"@type":"ImageObject","inLanguage":"en-US","@id":"https:\/\/lomarart.com\/index.php\/biography\/#primaryimage","url":"https:\/\/lomarart.com\/wp-content\/uploads\/2023\/10\/WhatsApp-Image-2023-10-22-at-19.16.19.jpeg","contentUrl":"https:\/\/lomarart.com\/wp-content\/uploads\/2023\/10\/WhatsApp-Image-2023-10-22-at-19.16.19.jpeg","width":580,"height":685},{"@type":"BreadcrumbList","@id":"https:\/\/lomarart.com\/index.php\/biography\/#breadcrumb","itemListElement":[{"@type":"ListItem","position":1,"name":"Home","item":"https:\/\/lomarart.com\/"},{"@type":"ListItem","position":2,"name":"\u017divotopis"}]},{"@type":"WebSite","@id":"https:\/\/lomarart.com\/#website","url":"https:\/\/lomarart.com\/","name":"LoMarArt","description":"","publisher":{"@id":"https:\/\/lomarart.com\/#organization"},"potentialAction":[{"@type":"SearchAction","target":{"@type":"EntryPoint","urlTemplate":"https:\/\/lomarart.com\/?s={search_term_string}"},"query-input":{"@type":"PropertyValueSpecification","valueRequired":true,"valueName":"search_term_string"}}],"inLanguage":"en-US"},{"@type":"Organization","@id":"https:\/\/lomarart.com\/#organization","name":"LoMarArt","url":"https:\/\/lomarart.com\/","logo":{"@type":"ImageObject","inLanguage":"en-US","@id":"https:\/\/lomarart.com\/#\/schema\/logo\/image\/","url":"https:\/\/lomarart.com\/wp-content\/uploads\/2022\/11\/cropped-istockphoto-1241905887-170667a.jpg","contentUrl":"https:\/\/lomarart.com\/wp-content\/uploads\/2022\/11\/cropped-istockphoto-1241905887-170667a.jpg","width":512,"height":512,"caption":"LoMarArt"},"image":{"@id":"https:\/\/lomarart.com\/#\/schema\/logo\/image\/"}}]}},"_links":{"self":[{"href":"https:\/\/lomarart.com\/index.php\/wp-json\/wp\/v2\/pages\/122","targetHints":{"allow":["GET"]}}],"collection":[{"href":"https:\/\/lomarart.com\/index.php\/wp-json\/wp\/v2\/pages"}],"about":[{"href":"https:\/\/lomarart.com\/index.php\/wp-json\/wp\/v2\/types\/page"}],"author":[{"embeddable":true,"href":"https:\/\/lomarart.com\/index.php\/wp-json\/wp\/v2\/users\/1"}],"replies":[{"embeddable":true,"href":"https:\/\/lomarart.com\/index.php\/wp-json\/wp\/v2\/comments?post=122"}],"version-history":[{"count":7,"href":"https:\/\/lomarart.com\/index.php\/wp-json\/wp\/v2\/pages\/122\/revisions"}],"predecessor-version":[{"id":942,"href":"https:\/\/lomarart.com\/index.php\/wp-json\/wp\/v2\/pages\/122\/revisions\/942"}],"wp:attachment":[{"href":"https:\/\/lomarart.com\/index.php\/wp-json\/wp\/v2\/media?parent=122"}],"curies":[{"name":"wp","href":"https:\/\/api.w.org\/{rel}","templated":true}]}}